{"id":187,"date":"2023-04-19T20:47:53","date_gmt":"2023-04-19T23:47:53","guid":{"rendered":"https:\/\/www.rolecarioca.com.br\/role-carioca\/MHN\/?page_id=187"},"modified":"2023-12-13T15:19:37","modified_gmt":"2023-12-13T18:19:37","slug":"visita-guiada","status":"publish","type":"page","link":"https:\/\/www.rolecarioca.com.br\/role-carioca\/MHN\/visita-guiada\/","title":{"rendered":"Videos"},"content":{"rendered":"\n<div class=\"wp-block-columns is-layout-flex wp-container-3\" style=\"padding-top:var(--wp--preset--spacing--80);padding-right:0;padding-bottom:0;padding-left:0\">\n<div class=\"wp-block-column is-vertically-aligned-top has-ast-global-color-0-background-color has-background has-medium-font-size is-layout-flow wp-container-1\" style=\"padding-top:var(--wp--preset--spacing--50);padding-right:var(--wp--preset--spacing--50);padding-bottom:var(--wp--preset--spacing--50);padding-left:var(--wp--preset--spacing--50);flex-basis:70%\">\n<h2 class=\"wp-block-heading\" style=\"text-transform:uppercase\">Perdeu o Rol\u00e9 presencial?<\/h2>\n\n\n\n<p>Pra voc\u00ea dar um Rol\u00e9 sem sair de casa, preparamos um document\u00e1rio sobre o Rol\u00e9 visita narrativas decoloniais no Museu Hist\u00f3rico Nacional e uma v\u00eddeo oficina para que professores possam utilizar nossa metodologia e conte\u00fado em sala de aula! D\u00e1 o play !!<\/p>\n<\/div>\n\n\n\n<div class=\"wp-block-column is-vertically-aligned-bottom is-layout-flow\" style=\"padding-top:0;padding-right:0;padding-bottom:0;padding-left:0;flex-basis:30%\">\n<figure class=\"wp-block-image size-full is-resized\"><img decoding=\"async\" loading=\"lazy\" src=\"https:\/\/www.rolecarioca.com.br\/role-carioca\/MHN\/wp-content\/uploads\/2023\/04\/role_ilustra_menina.png\" alt=\"\" class=\"wp-image-317\" width=\"226\" height=\"259\" srcset=\"https:\/\/www.rolecarioca.com.br\/role-carioca\/MHN\/wp-content\/uploads\/2023\/04\/role_ilustra_menina.png 720w, https:\/\/www.rolecarioca.com.br\/role-carioca\/MHN\/wp-content\/uploads\/2023\/04\/role_ilustra_menina-262x300.png 262w\" sizes=\"(max-width: 226px) 100vw, 226px\" \/><\/figure>\n<\/div>\n<\/div>\n\n\n\n<div class=\"wp-block-columns is-layout-flex wp-container-6\" style=\"padding-top:0;padding-right:0;padding-bottom:0;padding-left:0\">\n<div class=\"wp-block-column is-layout-flow\">\n<figure class=\"wp-block-embed is-type-video is-provider-youtube wp-block-embed-youtube wp-embed-aspect-16-9 wp-has-aspect-ratio\"><div class=\"wp-block-embed__wrapper\">\n<div class=\"ast-oembed-container\" style=\"height: 100%;\"><iframe loading=\"lazy\" title=\"Rol\u00e9 Visita Museu Hist\u00f3rico Nacional\" width=\"500\" height=\"281\" src=\"https:\/\/www.youtube.com\/embed\/95mqi3kSZiE?start=14&#038;feature=oembed\" frameborder=\"0\" allow=\"accelerometer; autoplay; clipboard-write; encrypted-media; gyroscope; picture-in-picture; web-share\" allowfullscreen><\/iframe><\/div>\n<\/div><\/figure>\n<\/div>\n\n\n\n<div class=\"wp-block-column is-layout-flow\">\n<figure class=\"wp-block-embed is-type-video is-provider-youtube wp-block-embed-youtube wp-embed-aspect-16-9 wp-has-aspect-ratio\"><div class=\"wp-block-embed__wrapper\">\n<div class=\"ast-oembed-container\" style=\"height: 100%;\"><iframe loading=\"lazy\" title=\"V\u00eddeo Oficina: Rol\u00e9 visita Museu Hist\u00f3rico Nacional\" width=\"500\" height=\"281\" src=\"https:\/\/www.youtube.com\/embed\/FUt2xMFrnj8?feature=oembed\" frameborder=\"0\" allow=\"accelerometer; autoplay; clipboard-write; encrypted-media; gyroscope; picture-in-picture; web-share\" allowfullscreen><\/iframe><\/div>\n<\/div><\/figure>\n<\/div>\n<\/div>\n\n\n\n<p>&nbsp;<\/p>\n","protected":false},"excerpt":{"rendered":"<p>Perdeu o Rol\u00e9 presencial? Pra voc\u00ea dar um Rol\u00e9 sem sair de casa, preparamos um document\u00e1rio sobre o Rol\u00e9 visita narrativas decoloniais no Museu Hist\u00f3rico Nacional e uma v\u00eddeo oficina para que professores possam utilizar nossa metodologia e conte\u00fado em sala de aula! D\u00e1 o play !! &nbsp;<\/p>\n","protected":false},"author":1,"featured_media":0,"parent":0,"menu_order":0,"comment_status":"closed","ping_status":"closed","template":"","meta":{"site-sidebar-layout":"default","site-content-layout":"default","ast-global-header-display":"","ast-main-header-display":"","ast-hfb-above-header-display":"","ast-hfb-below-header-display":"","ast-hfb-mobile-header-display":"","site-post-title":"","ast-breadcrumbs-content":"","ast-featured-img":"","footer-sml-layout":"","theme-transparent-header-meta":"","adv-header-id-meta":"","stick-header-meta":"","header-above-stick-meta":"","header-main-stick-meta":"","header-below-stick-meta":""},"_links":{"self":[{"href":"https:\/\/www.rolecarioca.com.br\/role-carioca\/MHN\/wp-json\/wp\/v2\/pages\/187"}],"collection":[{"href":"https:\/\/www.rolecarioca.com.br\/role-carioca\/MHN\/wp-json\/wp\/v2\/pages"}],"about":[{"href":"https:\/\/www.rolecarioca.com.br\/role-carioca\/MHN\/wp-json\/wp\/v2\/types\/page"}],"author":[{"embeddable":true,"href":"https:\/\/www.rolecarioca.com.br\/role-carioca\/MHN\/wp-json\/wp\/v2\/users\/1"}],"replies":[{"embeddable":true,"href":"https:\/\/www.rolecarioca.com.br\/role-carioca\/MHN\/wp-json\/wp\/v2\/comments?post=187"}],"version-history":[{"count":24,"href":"https:\/\/www.rolecarioca.com.br\/role-carioca\/MHN\/wp-json\/wp\/v2\/pages\/187\/revisions"}],"predecessor-version":[{"id":642,"href":"https:\/\/www.rolecarioca.com.br\/role-carioca\/MHN\/wp-json\/wp\/v2\/pages\/187\/revisions\/642"}],"wp:attachment":[{"href":"https:\/\/www.rolecarioca.com.br\/role-carioca\/MHN\/wp-json\/wp\/v2\/media?parent=187"}],"curies":[{"name":"wp","href":"https:\/\/api.w.org\/{rel}","templated":true}]}}